{"id":121,"date":"2019-09-03T14:06:35","date_gmt":"2019-09-03T18:06:35","guid":{"rendered":"https:\/\/fundar.cl\/santiago\/?page_id=121"},"modified":"2019-10-09T12:32:11","modified_gmt":"2019-10-09T16:32:11","slug":"regularizaciones-2","status":"publish","type":"page","link":"https:\/\/fundar.cl\/santiago\/servicios\/regularizaciones-2\/","title":{"rendered":"Regularizaciones"},"content":{"rendered":"\t\t<div data-elementor-type=\"wp-post\" data-elementor-id=\"121\" class=\"elementor elementor-121\" data-elementor-settings=\"[]\">\n\t\t\t\t\t\t<div class=\"elementor-inner\">\n\t\t\t\t\t\t\t<div class=\"elementor-section-wrap\">\n\t\t\t\t\t\t\t<section class=\"elementor-section elementor-top-section elementor-element elementor-element-e2ed88a elementor-section-height-min-height elementor-section-boxed elementor-section-height-default elementor-section-items-middle\" data-id=\"e2ed88a\" data-element_type=\"section\" data-settings=\"{&quot;background_background&quot;:&quot;classic&quot;}\">\n\t\t\t\t\t\t\t<div class=\"elementor-background-overlay\"><\/div>\n\t\t\t\t\t\t\t<div class=\"elementor-container elementor-column-gap-default\">\n\t\t\t\t\t\t\t<div class=\"elementor-row\">\n\t\t\t\t\t<div class=\"elementor-column elementor-col-100 elementor-top-column elementor-element elementor-element-1c6c308\" data-id=\"1c6c308\" data-element_type=\"column\">\n\t\t\t<div class=\"elementor-column-wrap elementor-element-populated\">\n\t\t\t\t\t\t\t<div class=\"elementor-widget-wrap\">\n\t\t\t\t\t\t<section class=\"elementor-section elementor-inner-section elementor-element elementor-element-2d23eda elementor-section-boxed elementor-section-height-default elementor-section-height-default\" data-id=\"2d23eda\" data-element_type=\"section\">\n\t\t\t\t\t\t<div class=\"elementor-container elementor-column-gap-default\">\n\t\t\t\t\t\t\t<div class=\"elementor-row\">\n\t\t\t\t\t<div class=\"elementor-column elementor-col-100 elementor-inner-column elementor-element elementor-element-ec09c7b\" data-id=\"ec09c7b\" data-element_type=\"column\">\n\t\t\t<div class=\"elementor-column-wrap elementor-element-populated\">\n\t\t\t\t\t\t\t<div class=\"elementor-widget-wrap\">\n\t\t\t\t\t\t<div class=\"elementor-element elementor-element-8ee0e8d elementor-widget-divider--view-line elementor-widget elementor-widget-divider\" data-id=\"8ee0e8d\" data-element_type=\"widget\" data-widget_type=\"divider.default\">\n\t\t\t\t<div class=\"elementor-widget-container\">\n\t\t\t\t\t<div class=\"elementor-divider\">\n\t\t\t<span class=\"elementor-divider-separator\">\n\t\t\t\t\t\t<\/span>\n\t\t<\/div>\n\t\t\t\t<\/div>\n\t\t\t\t<\/div>\n\t\t\t\t<div class=\"elementor-element elementor-element-0dd5a1a elementor-mobile-align-center elementor-widget elementor-widget-button\" data-id=\"0dd5a1a\" data-element_type=\"widget\" data-widget_type=\"button.default\">\n\t\t\t\t<div class=\"elementor-widget-container\">\n\t\t\t\t\t<div class=\"elementor-button-wrapper\">\n\t\t\t<a href=\"https:\/\/fundar.cl\/santiago\/servicios\/\" class=\"elementor-button-link elementor-button elementor-size-md\" role=\"button\">\n\t\t\t\t\t\t<span class=\"elementor-button-content-wrapper\">\n\t\t\t\t\t\t<span class=\"elementor-button-icon elementor-align-icon-left\">\n\t\t\t\t<i aria-hidden=\"true\" class=\"far fa-arrow-alt-circle-left\"><\/i>\t\t\t<\/span>\n\t\t\t\t\t\t<span class=\"elementor-button-text\">Volver a Servicios<\/span>\n\t\t<\/span>\n\t\t\t\t\t<\/a>\n\t\t<\/div>\n\t\t\t\t<\/div>\n\t\t\t\t<\/div>\n\t\t\t\t\t\t<\/div>\n\t\t\t\t\t<\/div>\n\t\t<\/div>\n\t\t\t\t\t\t\t\t<\/div>\n\t\t\t\t\t<\/div>\n\t\t<\/section>\n\t\t\t\t\t\t<\/div>\n\t\t\t\t\t<\/div>\n\t\t<\/div>\n\t\t\t\t\t\t\t\t<\/div>\n\t\t\t\t\t<\/div>\n\t\t<\/section>\n\t\t\t\t<section class=\"elementor-section elementor-top-section elementor-element elementor-element-85f1574 elementor-section-boxed elementor-section-height-default elementor-section-height-default\" data-id=\"85f1574\" data-element_type=\"section\">\n\t\t\t\t\t\t<div class=\"elementor-container elementor-column-gap-default\">\n\t\t\t\t\t\t\t<div class=\"elementor-row\">\n\t\t\t\t\t<div class=\"elementor-column elementor-col-100 elementor-top-column elementor-element elementor-element-82ff025\" data-id=\"82ff025\" data-element_type=\"column\">\n\t\t\t<div class=\"elementor-column-wrap elementor-element-populated\">\n\t\t\t\t\t\t\t<div class=\"elementor-widget-wrap\">\n\t\t\t\t\t\t<div class=\"elementor-element elementor-element-b923377 elementor-widget elementor-widget-spacer\" data-id=\"b923377\" data-element_type=\"widget\" data-widget_type=\"spacer.default\">\n\t\t\t\t<div class=\"elementor-widget-container\">\n\t\t\t\t\t<div class=\"elementor-spacer\">\n\t\t\t<div class=\"elementor-spacer-inner\"><\/div>\n\t\t<\/div>\n\t\t\t\t<\/div>\n\t\t\t\t<\/div>\n\t\t\t\t<div class=\"elementor-element elementor-element-94c3769 elementor-widget elementor-widget-text-editor\" data-id=\"94c3769\" data-element_type=\"widget\" data-widget_type=\"text-editor.default\">\n\t\t\t\t<div class=\"elementor-widget-container\">\n\t\t\t\t\t<div class=\"elementor-text-editor elementor-clearfix\"><strong>Regularizaci\u00f3n por Ordenanza General de Urbanismo y Construcciones (O.G.U.y C.)<\/strong>\n<br><br>\nEsta es la principal herramienta para poder obtener un permiso de edificaci\u00f3n.\n<br><br>\nPara poder normalizar una edificaci\u00f3n que no cuenta con antecedentes previos a trav\u00e9s de esta normativa, deberemos cumplir con los requisitos que nos entrega la actual OGUC. Toda esta informaci\u00f3n la entrega la direcci\u00f3n de obras municipales de cada comuna en particular en un documento que denominamos \u201cCertificado de Informes Previos\u201d, en el cual aparecen todas la normas urban\u00edsticas que recaen sobre un terreno en particular, referente a las alturas m\u00e1ximas permitidas, porcentaje de adosamientos, aplicaci\u00f3n de rasantes, ocupaci\u00f3n de suelo, constructibilidad, etc\u2026\n<br><br>\n<strong>Documentos requeridos para la confecci\u00f3n de un expediente:<\/strong>\n<br><br>\n&#8211; Certificado de Informes Previos\n<br>\n&#8211; Copia plano de Arquitectura (edificaci\u00f3n original seg\u00fan el caso)\n<br>\n&#8211; Fotocopia Permiso de Edificaci\u00f3n (edificaci\u00f3n original seg\u00fan el caso)\n<br>\n&#8211; Fotocopia Certificado de Recepci\u00f3n Final (edificaci\u00f3n original seg\u00fan el caso)\n<br>\n&#8211; Fotocopia de Escritura\n<br><br>\nNota: Todos estos antecedentes se obtienen a trav\u00e9s de la Direcci\u00f3n de Obras Municipales de cada Comuna a excepci\u00f3n de la fotocopia de escritura obtenida en el Conservador de Bienes Ra\u00edces.\n<br><br>\n<strong>Regularizaci\u00f3n por antig\u00fcedad<\/strong>\n<br><br>\nEste concepto es utilizado para regularizar construcciones de cualquier destino que hayan sido construidas con anterioridad a la fecha 31 de Julio del 1959. Para esto se deber\u00e1 demostrar la data de la edificaci\u00f3n a trav\u00e9s de los siguientes documentos:\n<br><br>\n&#8211; Planos aprobados por Aguas Andinas indicando la veracidad de la data de las construcciones existentes.\n<br>\n&#8211; Certificado de Aval\u00fao Fiscal desglosado emitido por Servicio de Impuestos Internos (S.I.I.)\n<br>\nNota: Esta regularizaci\u00f3n tiene como objetivo resguardar las construcciones ejecutadas con anterioridad a la fecha indicada, ya que alguna exigencias vigentes de la Ordenanza General de Urbanismo y Construcciones se podr\u00e1n obviar al momento de presentar el expediente de edificaci\u00f3n ante la Direcci\u00f3n de Obras Municipales.\n<br><br>\n<strong>Regularizaci\u00f3n de ampliaci\u00f3n de viviendas sociales (Ley 20.671)<\/strong>\n<br><br>\nEste mecanismo permite obtener el permiso de edificaci\u00f3n y recepci\u00f3n final de construcciones que no superen los 90 metros cuadrados de superficie, entre la construcci\u00f3n original y la ampliaci\u00f3n.\n<br><br>\nAdem\u00e1s, se introducen modificaciones a la Ley General de Urbanismo y Construcci\u00f3n, primero, incorporando un procedimiento simplificado para obtener los permisos de edificaci\u00f3n para ampliaciones de vivienda social, viviendas progresivas e infraestructuras sanitarias y viviendas cuyo valor de tasaci\u00f3n sea inferior a 520 UF y segundo, permitiendo la condonaci\u00f3n de las multas establecidas a quienes hubiesen aplicado a este procedimiento para regularizar su situaci\u00f3n.\n<br><br>\n<strong>Requisitos exigidos :<\/strong>\n<br><br>\n1) No estar ubicadas en zonas de riesgo o protecci\u00f3n, en terrenos declarados de utilidad p\u00fablica o en bienes nacionales de uso p\u00fablico (en el interior de calles, plazas, caminos, puentes, etc.)\n<br><br>\n2) No tener, a la fecha de la regularizaci\u00f3n, reclamaciones escritas pendientes por incumplimiento de normas urban\u00edsticas ingresadas con anterioridad a la fecha de publicaci\u00f3n de la ley ante la Direcci\u00f3n de Obras Municipales o el Juzgado de Polic\u00eda Local respectivo.\n<br><br>\n3) Cumplir con las normas que garanticen la habitabilidad, seguridad y estabilidad de las viviendas ampliadas, y con las normas aplicables a las instalaciones interiores de electricidad, agua potable, alcantarillado y gas, que correspondan. Dichas normas est\u00e1n detalladas en la ley y se refieren a la altura de la construcci\u00f3n, la terminaci\u00f3n interior, ventilaci\u00f3n, resistencia al fuego, adosamientos y c\u00e1lculo estructural. El objetivo de estas exigencias es asegurar que las ampliaciones regularizadas sean seguras y se minimicen los riesgos potenciales para sus habitantes.\n<br><br>\n4) Se deber\u00e1 presentar, ante la Direcci\u00f3n de Obras Municipales respectiva, una solicitud de permiso y recepci\u00f3n simult\u00e1nea, acompa\u00f1ada de los siguientes documentos:\n<br><br>\nDeclaraci\u00f3n simple del propietario en la que se\u00f1ale ser titular del dominio del inmueble y que no existen reclamaciones pendientes.\n<br><br>\nEspecificaciones T\u00e9cnicas resumidas y un plano que grafique la planta, la elevaci\u00f3n principal y un corte de la ampliaci\u00f3n que se regularizar\u00e1, suscritos por un profesional competente.\n<br><br>\nInforme de un profesional competente que certifique que la ampliaci\u00f3n cumple con las normas de habitabilidad, seguridad, estabilidad e instalaciones interiores y que no se ubica en zonas de riesgo o protecci\u00f3n, en terrenos declarados de utilidad p\u00fablica o en bienes nacionales de uso p\u00fablico.\n<br><br>\nDocumentos requeridos para la confecci\u00f3n de un expediente por ley 20.671:\n<br><br>\n&#8211; Solicitud de permiso municipal y recepci\u00f3n simult\u00e1nea, firmada por propietario y profesional competente.\n<br>\n&#8211; Declaraci\u00f3n simple del propietario, de ser titular del dominio del inmueble.\n<br>\n&#8211; Certificado de informes previos.\n<br>\n&#8211; Certificado de aval\u00fao fiscal detallado.\n<br>\n&#8211; Copia del permiso de edificaci\u00f3n y recepci\u00f3n final primitiva.\n<br>\n&#8211; Certificado emitido por juzgado de policia local en donde se informe no tener denuncias por vecinos.\n<br>\n&#8211; Encuesta INE.\n<br>\n&#8211; Especificaciones T\u00e9cnicas.\n<br>\n&#8211; Declaraci\u00f3n simple del profesional competente.\n<br>\n&#8211; Planos de arquitectura.\n<br>\n&#8211; Patente de profesional.\n<br><br>\nNota: Todos estos antecedentes se obtienen a trav\u00e9s de la Direcci\u00f3n de Obras Municipales de cada Comuna a excepci\u00f3n de la fotocopia de escritura obtenida en el Conservador de Bienes Ra\u00edces.\n<br><br>\n<strong>\u200bRegularizaci\u00f3n de viviendas sociales (Ley 20.898 &#8211; LEY DEL MONO)<\/strong>\n<br><br>\nLey vigente a partir del 4 de febrero del a\u00f1o 2016, la Ley de Regularizaciones N\u00b0 20.898 permite a miles de familias y microempresas acceder al procedimiento simplificado para la regularizaci\u00f3n de viviendas de autoconstrucci\u00f3n.\n<br><br>\nEsta ley permite la obtenci\u00f3n del permiso de edificaci\u00f3n y recepci\u00f3n definitiva simult\u00e1nea, o bien de recepci\u00f3n definitiva de viviendas o ampliaciones construidas antes del 4 de febrero del 2016 de hasta 90m2 y 140m2, microempresas de hasta 250 m2, equipamientos sociales de hasta 400m2, as\u00ed como viviendas financiadas con subsidios para la cat\u00e1strofe del 27 de febrero de 2010.\n<br><br>\nEn cuanto a los beneficiarios, el proyecto establece que los propietarios de viviendas que hayan sido construidas antes de la publicaci\u00f3n de esta ley, con o sin permiso de edificaci\u00f3n y que no cuenten con recepci\u00f3n definitiva, emplazadas en \u00e1reas urbanas o rurales que dispondr\u00e1n de un plazo de 3 a\u00f1os contado desde la publicaci\u00f3n de esta ley para regularizar las edificaciones y as\u00ed obtener la recepci\u00f3n definitiva.\n<br><br>\n\u200b\n\n<strong>Documentos requeridos para la confecci\u00f3n de un expediente por ley 20.898<\/strong>:\n<br><br>\n\u200b\n\n&#8211; Declaraci\u00f3n simple del propietario, en que se\u00f1ale ser titular del dominio del inmueble y que no existen respecto de dicho bien ra\u00edz las reclamaciones a que se refiere el n\u00famero.\n<br>\n&#8211; Especificaciones t\u00e9cnicas resumidas, un croquis de ubicaci\u00f3n y un plano de emplazamiento a escala 1:500; planos a escala 1:50 que grafiquen todas las plantas, la elevaci\u00f3n principal y un corte representativo, se\u00f1alando las medidas y superficie de la vivienda existente; y un cuadro de superficie total construida y superficie de terreno, todos suscritos por un arquitecto.\n<br>\n&#8211; Informe del arquitecto que certifique que la vivienda cumple con las normas de habitabilidad, seguridad, estabilidad e instalaciones interiores se\u00f1aladas en el n\u00famero y que no se emplaza en los terrenos a que se refiere el n\u00famero 2), ambos del art\u00edculo 1\u00ba de la presente ley. Este informe deber\u00e1 acompa\u00f1ar los antecedentes que permitan corroborar que la vivienda exist\u00eda a la fecha de publicaci\u00f3n de esta ley, consider\u00e1ndose como tales cualquier medio gr\u00e1fico o documental, por ejemplo, planos aprobados, cuentas de servicios, certificados de contribuciones, catastros municipales o de otros organismos p\u00fablicos, o antecedentes de similar naturaleza.\n<br>\n&#8211; Patente del profesional competente\n<br>\n\u200b- Certificado de aval\u00fao fiscal otorgado por el Servicio de Impuestos Internos.\n<br><br>\nNOTA: Si el propietario de la vivienda a regularizar tiene 65 a\u00f1os de edad o m\u00e1s, o si uno de los residentes de la misma estuviere inscrito en el Registro Nacional de la Discapacidad al que se refieren los art\u00edculos 55 y 56 de la ley N\u00ba 20.422, la exenci\u00f3n ser\u00e1 de un 100% de los derechos municipales. La edad del propietario de la vivienda se acreditar\u00e1 con la c\u00e9dula de identidad y la discapacidad con la inscripci\u00f3n en el Registro Nacional de Discapacidad.\n<br><br>\n<\/div>\n\t\t\t\t<\/div>\n\t\t\t\t<\/div>\n\t\t\t\t<div class=\"elementor-element elementor-element-51de72c elementor-widget elementor-widget-spacer\" data-id=\"51de72c\" data-element_type=\"widget\" data-widget_type=\"spacer.default\">\n\t\t\t\t<div class=\"elementor-widget-container\">\n\t\t\t\t\t<div class=\"elementor-spacer\">\n\t\t\t<div class=\"elementor-spacer-inner\"><\/div>\n\t\t<\/div>\n\t\t\t\t<\/div>\n\t\t\t\t<\/div>\n\t\t\t\t\t\t<\/div>\n\t\t\t\t\t<\/div>\n\t\t<\/div>\n\t\t\t\t\t\t\t\t<\/div>\n\t\t\t\t\t<\/div>\n\t\t<\/section>\n\t\t\t\t<section class=\"elementor-section elementor-top-section elementor-element elementor-element-6d921a7 elementor-section-boxed elementor-section-height-default elementor-section-height-default\" data-id=\"6d921a7\" data-element_type=\"section\" data-settings=\"{&quot;background_background&quot;:&quot;gradient&quot;}\">\n\t\t\t\t\t\t<div class=\"elementor-container elementor-column-gap-default\">\n\t\t\t\t\t\t\t<div class=\"elementor-row\">\n\t\t\t\t\t<div class=\"elementor-column elementor-col-100 elementor-top-column elementor-element elementor-element-19df604\" data-id=\"19df604\" data-element_type=\"column\">\n\t\t\t<div class=\"elementor-column-wrap elementor-element-populated\">\n\t\t\t\t\t\t\t<div class=\"elementor-widget-wrap\">\n\t\t\t\t\t\t<div class=\"elementor-element elementor-element-6fc3d63 elementor-widget elementor-widget-spacer\" data-id=\"6fc3d63\" data-element_type=\"widget\" data-widget_type=\"spacer.default\">\n\t\t\t\t<div class=\"elementor-widget-container\">\n\t\t\t\t\t<div class=\"elementor-spacer\">\n\t\t\t<div class=\"elementor-spacer-inner\"><\/div>\n\t\t<\/div>\n\t\t\t\t<\/div>\n\t\t\t\t<\/div>\n\t\t\t\t<div class=\"elementor-element elementor-element-3bd7b89 elementor-view-default elementor-widget elementor-widget-icon\" data-id=\"3bd7b89\" data-element_type=\"widget\" data-widget_type=\"icon.default\">\n\t\t\t\t<div class=\"elementor-widget-container\">\n\t\t\t\t\t<div class=\"elementor-icon-wrapper\">\n\t\t\t<div class=\"elementor-icon\">\n\t\t\t<i aria-hidden=\"true\" class=\"fas fa-arrow-circle-down\"><\/i>\t\t\t<\/div>\n\t\t<\/div>\n\t\t\t\t<\/div>\n\t\t\t\t<\/div>\n\t\t\t\t<div class=\"elementor-element elementor-element-8ab5796 elementor-widget elementor-widget-heading\" data-id=\"8ab5796\" data-element_type=\"widget\" data-widget_type=\"heading.default\">\n\t\t\t\t<div class=\"elementor-widget-container\">\n\t\t\t<div class=\"elementor-heading-title elementor-size-default\">Para mayor informaci\u00f3n,<br> comun\u00edquese con nosotros y lo asesoraremos a la brevedad.<\/div>\t\t<\/div>\n\t\t\t\t<\/div>\n\t\t\t\t<div class=\"elementor-element elementor-element-84b0e28 elementor-widget elementor-widget-spacer\" data-id=\"84b0e28\" data-element_type=\"widget\" data-widget_type=\"spacer.default\">\n\t\t\t\t<div class=\"elementor-widget-container\">\n\t\t\t\t\t<div class=\"elementor-spacer\">\n\t\t\t<div class=\"elementor-spacer-inner\"><\/div>\n\t\t<\/div>\n\t\t\t\t<\/div>\n\t\t\t\t<\/div>\n\t\t\t\t<div class=\"elementor-element elementor-element-67014cd elementor-align-center elementor-widget elementor-widget-button\" data-id=\"67014cd\" data-element_type=\"widget\" data-widget_type=\"button.default\">\n\t\t\t\t<div class=\"elementor-widget-container\">\n\t\t\t\t\t<div class=\"elementor-button-wrapper\">\n\t\t\t<a href=\"https:\/\/fundar.cl\/santiago\/contacto\/\" class=\"elementor-button-link elementor-button elementor-size-md\" role=\"button\">\n\t\t\t\t\t\t<span class=\"elementor-button-content-wrapper\">\n\t\t\t\t\t\t<span class=\"elementor-button-icon elementor-align-icon-left\">\n\t\t\t\t<i aria-hidden=\"true\" class=\"far fa-comment\"><\/i>\t\t\t<\/span>\n\t\t\t\t\t\t<span class=\"elementor-button-text\">Cont\u00e1ctanos<\/span>\n\t\t<\/span>\n\t\t\t\t\t<\/a>\n\t\t<\/div>\n\t\t\t\t<\/div>\n\t\t\t\t<\/div>\n\t\t\t\t<div class=\"elementor-element elementor-element-46138f4 elementor-widget elementor-widget-spacer\" data-id=\"46138f4\" data-element_type=\"widget\" data-widget_type=\"spacer.default\">\n\t\t\t\t<div class=\"elementor-widget-container\">\n\t\t\t\t\t<div class=\"elementor-spacer\">\n\t\t\t<div class=\"elementor-spacer-inner\"><\/div>\n\t\t<\/div>\n\t\t\t\t<\/div>\n\t\t\t\t<\/div>\n\t\t\t\t\t\t<\/div>\n\t\t\t\t\t<\/div>\n\t\t<\/div>\n\t\t\t\t\t\t\t\t<\/div>\n\t\t\t\t\t<\/div>\n\t\t<\/section>\n\t\t\t\t\t\t<\/div>\n\t\t\t\t\t\t<\/div>\n\t\t\t\t\t<\/div>\n\t\t","protected":false},"excerpt":{"rendered":"<p>Volver a Servicios Regularizaci\u00f3n por Ordenanza General de Urbanismo y Construcciones (O.G.U.y C.) Esta es la principal herramienta para poder obtener un permiso de edificaci\u00f3n. Para poder normalizar una edificaci\u00f3n que no cuenta con antecedentes previos a trav\u00e9s de esta normativa, deberemos cumplir con los requisitos que nos entrega la actual OGUC. Toda esta informaci\u00f3n [&hellip;]<\/p>\n","protected":false},"author":4,"featured_media":0,"parent":7,"menu_order":0,"comment_status":"closed","ping_status":"closed","template":"elementor_header_footer","meta":[],"yoast_head":"<!-- This site is optimized with the Yoast SEO plugin v15.8 - https:\/\/yoast.com\/wordpress\/plugins\/seo\/ -->\n<title>Regularizaciones - Fundar<\/title>\n<meta name=\"robots\" content=\"index, follow, max-snippet:-1, max-image-preview:large, max-video-preview:-1\" \/>\n<link rel=\"canonical\" href=\"https:\/\/fundar.cl\/santiago\/servicios\/regularizaciones-2\/\" \/>\n<meta property=\"og:locale\" content=\"es_ES\" \/>\n<meta property=\"og:type\" content=\"article\" \/>\n<meta property=\"og:title\" content=\"Regularizaciones - Fundar\" \/>\n<meta property=\"og:description\" content=\"Volver a Servicios Regularizaci\u00f3n por Ordenanza General de Urbanismo y Construcciones (O.G.U.y C.) Esta es la principal herramienta para poder obtener un permiso de edificaci\u00f3n. Para poder normalizar una edificaci\u00f3n que no cuenta con antecedentes previos a trav\u00e9s de esta normativa, deberemos cumplir con los requisitos que nos entrega la actual OGUC. Toda esta informaci\u00f3n [&hellip;]\" \/>\n<meta property=\"og:url\" content=\"https:\/\/fundar.cl\/santiago\/servicios\/regularizaciones-2\/\" \/>\n<meta property=\"og:site_name\" content=\"Fundar\" \/>\n<meta property=\"article:modified_time\" content=\"2019-10-09T16:32:11+00:00\" \/>\n<meta name=\"twitter:card\" content=\"summary_large_image\" \/>\n<meta name=\"twitter:label1\" content=\"Est. reading time\">\n\t<meta name=\"twitter:data1\" content=\"7 minutos\">\n<script type=\"application\/ld+json\" class=\"yoast-schema-graph\">{\"@context\":\"https:\/\/schema.org\",\"@graph\":[{\"@type\":\"WebSite\",\"@id\":\"https:\/\/fundar.cl\/santiago\/#website\",\"url\":\"https:\/\/fundar.cl\/santiago\/\",\"name\":\"Fundar\",\"description\":\"Arquitectura Integral\",\"potentialAction\":[{\"@type\":\"SearchAction\",\"target\":\"https:\/\/fundar.cl\/santiago\/?s={search_term_string}\",\"query-input\":\"required name=search_term_string\"}],\"inLanguage\":\"es-CL\"},{\"@type\":\"WebPage\",\"@id\":\"https:\/\/fundar.cl\/santiago\/servicios\/regularizaciones-2\/#webpage\",\"url\":\"https:\/\/fundar.cl\/santiago\/servicios\/regularizaciones-2\/\",\"name\":\"Regularizaciones - Fundar\",\"isPartOf\":{\"@id\":\"https:\/\/fundar.cl\/santiago\/#website\"},\"datePublished\":\"2019-09-03T18:06:35+00:00\",\"dateModified\":\"2019-10-09T16:32:11+00:00\",\"breadcrumb\":{\"@id\":\"https:\/\/fundar.cl\/santiago\/servicios\/regularizaciones-2\/#breadcrumb\"},\"inLanguage\":\"es-CL\",\"potentialAction\":[{\"@type\":\"ReadAction\",\"target\":[\"https:\/\/fundar.cl\/santiago\/servicios\/regularizaciones-2\/\"]}]},{\"@type\":\"BreadcrumbList\",\"@id\":\"https:\/\/fundar.cl\/santiago\/servicios\/regularizaciones-2\/#breadcrumb\",\"itemListElement\":[{\"@type\":\"ListItem\",\"position\":1,\"item\":{\"@type\":\"WebPage\",\"@id\":\"https:\/\/fundar.cl\/santiago\/\",\"url\":\"https:\/\/fundar.cl\/santiago\/\",\"name\":\"Portada\"}},{\"@type\":\"ListItem\",\"position\":2,\"item\":{\"@type\":\"WebPage\",\"@id\":\"https:\/\/fundar.cl\/santiago\/servicios\/\",\"url\":\"https:\/\/fundar.cl\/santiago\/servicios\/\",\"name\":\"Servicios\"}},{\"@type\":\"ListItem\",\"position\":3,\"item\":{\"@type\":\"WebPage\",\"@id\":\"https:\/\/fundar.cl\/santiago\/servicios\/regularizaciones-2\/\",\"url\":\"https:\/\/fundar.cl\/santiago\/servicios\/regularizaciones-2\/\",\"name\":\"Regularizaciones\"}}]}]}<\/script>\n<!-- \/ Yoast SEO plugin. -->","_links":{"self":[{"href":"https:\/\/fundar.cl\/santiago\/wp-json\/wp\/v2\/pages\/121"}],"collection":[{"href":"https:\/\/fundar.cl\/santiago\/wp-json\/wp\/v2\/pages"}],"about":[{"href":"https:\/\/fundar.cl\/santiago\/wp-json\/wp\/v2\/types\/page"}],"author":[{"embeddable":true,"href":"https:\/\/fundar.cl\/santiago\/wp-json\/wp\/v2\/users\/4"}],"replies":[{"embeddable":true,"href":"https:\/\/fundar.cl\/santiago\/wp-json\/wp\/v2\/comments?post=121"}],"version-history":[{"count":10,"href":"https:\/\/fundar.cl\/santiago\/wp-json\/wp\/v2\/pages\/121\/revisions"}],"predecessor-version":[{"id":311,"href":"https:\/\/fundar.cl\/santiago\/wp-json\/wp\/v2\/pages\/121\/revisions\/311"}],"up":[{"embeddable":true,"href":"https:\/\/fundar.cl\/santiago\/wp-json\/wp\/v2\/pages\/7"}],"wp:attachment":[{"href":"https:\/\/fundar.cl\/santiago\/wp-json\/wp\/v2\/media?parent=121"}],"curies":[{"name":"wp","href":"https:\/\/api.w.org\/{rel}","templated":true}]}}